rime factors of n(6)?
2, 5
Let c(b) = 4*b + 5. Let l(h) = h + 1. Let w(g) = -c(g) - l(g). Let a be w(-7). Let j = a + -21. List the prime factors of j.
2
Suppose -2*g = -4*n - 92, -4*n + 108 = 4*g - g. Suppose 4*d + 4*v - g = 0, -4*d + 55 = 2*v + 9. Let m = 27 - d. What are the prime factors of m?
2, 7
Suppose o = 5*i - i + 11, 0 = -4*o + 12. List the prime factors of i + (-12)/(-1) + 3.
13
Let o = -11 - -31. Let z be 8/o - (-54)/15. Let n(s) = s**3 - 3*s**2 - 3*s + 3. List the prime factors of n(z).
7
Suppose 8*d + 80 - 464 = 0. List the prime factors of d.
2, 3
What are the prime factors of 64/(-6)*(-6)/4?
2
Suppose 4*s + 5*w - 24 = w, 5*w = -4*s + 28. Let a(b) = -4 - b**s + 6 + 7*b + b. What are the prime factors of a(7)?
3
Suppose t - 644 = -4*g, -12 = -t - 2*t. List the prime factors of g.
2, 5
Suppose 0 = -4*u - 4*r + 24, 0 = -3*u + u - 3*r + 17. Suppose 30 = v + u. List the prime factors of v.
29
Suppose -96 = 2*z + z. Let f = -4 + 2. What are the prime factors of ((-2)/(-4))/(f/z)?
2
Let t(s) = 2*s**2 + 4*s + 1. Let o be t(-3). Suppose -c + 11 = -o. List the prime factors of c.
2, 3
Let u(f) = 2*f**2 + 3*f. Let j be u(-2). Let n(y) = 4*y + 2. What are the prime factors of n(j)?
2, 5
Let h(o) = 2*o + 9. Let n(c) = -3*c - 17. Let v(t) = 5*h(t) + 3*n(t). Let g be v(6). Suppose g = -4*w + 5 + 3. What are the prime factors of w?
2
Let r(j) = -4 - 21*j + 23*j + 5 - 13. What are the prime factors of r(8)?
2
Let u = 23 - 6. Suppose -c = -3*s + u, -4*s + 2*c + 16 = 4*c. List the prime factors of s.
5
Suppose -4*g - 2 = 4*h - 22, 1 = g. Suppose 0*t - 188 = -h*t. List the prime factors of t.
47
Suppose -3*v - 346 = -3*n - 88, 5*v = -2*n + 158. Suppose c + l = -c + 56, 3*c + 2*l = n. List the prime factors of ((-3)/6)/((-2)/c).
7
Suppose -l = -6*l + 320. What are the prime factors of l?
2
Let t(d) = -d**2 + 7*d + 1. Let k(f) = -3*f**2 + 21*f + 3. Let z(y) = 3*k(y) - 8*t(y). What are the prime factors of z(5)?
11
Let i(g) be the first derivative of g**3/3 - 2*g**2 - 2*g + 1. What are the prime factors of i(6)?
2, 5
Suppose g + 4*q - 32 = 0, -17 = 5*q - 7. Let m = 5 + g. List the prime factors of m.
3, 5
Suppose 2*g + 2*o - 18 = o, -5*g + 5*o = -60. Suppose 4*h = -10 - 14. Let u = h + g. What are the prime factors of u?
2
Let y(v) = v**2 - v - 2. Let m be 46/14 + (-6)/21. What are the prime factors of y(m)?
2
Let q = -7 - -7. Suppose q = -5*n + 6 + 144. Let u = -16 + n. What are the prime factors of u?
2, 7
Let c = -94 + 158. List the prime factors of c.
2
Suppose 11*s + 2624 = 27*s. List the prime factors of s.
2, 41
Let z(d) = -d**2 - 7*d - 6. Let n be z(-6). Let u = 7 - n. What are the prime factors of u?
7
Suppose 0 = -h + 4 - 2. List the prime factors of h.
2
Let h(q) = -q**2 + 8*q + 8. Let x = -3 - -11. What are the prime factors of h(x)?
2
Suppose 0*t - 5*t = -10. List the prime factors of (4 - t)*38/4.
19
Let g = -1 + -5. Let c(f) = -3*f - 2. List the prime factors of c(g).
2
Let y(i) = 2*i**3 - 6*i**2 - 10*i - 10. List the prime factors of y(6).
2, 73
Let m(q) = -q**2 + 7*q - 5. Let g be m(5). Suppose b - g*p = 51 + 15, 4*b = 5*p + 219. List the prime factors of b.
3, 17
Let d(s) = -4*s - 5. Let g be d(-6). Suppose 3*k = 17 + g. List the prime factors of k.
2, 3
Let o = 8 - -154. What are the prime factors of o?
2, 3
Let g(i) = i**2 - 4*i - 8. Let f be g(-6). Suppose -3*j + f = j. List the prime factors of j.
13
Let o(h) = h**2 - 7*h + 2. List the prime factors of o(8).
2, 5
Let p(r) = 3*r**2 + 11*r - 5. What are the prime factors of p(-6)?
37
Suppose 4*k - 12 = j, -3*k + 2*j + 9 = -5. Suppose -2*f + 4*f - 39 = -3*v, 4*v - 44 = -k*f. List the prime factors of f.
2, 3
Let f(i) = i**2 + 5*i - 8. Let d be f(-7). Let z = d + -3. List the prime factors of z.
3
Let c = 12 + -10. List the prime factors of c.
2
Let l = 497 + -252. What are the prime factors of l?
5, 7
Suppose -2*p - 4 = 0, -o + 5*p + 206 = 7. What are the prime factors of o?
3, 7
Let v = 9 + 1. List the prime factors of v.
2, 5
Let h = 28 + -26. Suppose i - l - 35 = 0, h*l = 2 + 6. List the prime factors of i.
3, 13
Let b(s) = -2*s**2 - s**3 + 4 + 3*s**2 - 4*s + 3*s**2 + 0*s**2. Let f be b(3). What are the prime factors of (-46)/(-4) + f/2?
2, 3
Suppose 0 = -0*k + 2*k. List the prime factors of (3/6 + k)*62.
31
Let c(y) = 257*y - 1. Let d be c(1). Suppose -v + 59 = 2*b + 19, 5*v - d = 4*b. Let a = v + -31. List the prime factors of a.
17
Suppose 2*c - 30 = -4*h + 46, 5*h - 50 = -c. List the prime factors of c.
2, 3, 5
Let i(t) = t**3 + 7*t**2 + 2. Let q be i(-7). Let g = 2 - q. Suppose 3*z - 3 - 21 = g. What are the prime factors of z?
2
Suppose 4*p = p - 4*g - 9, -3*p - 5*g = 12. Let u = p - -13. What are the prime factors of u?
2, 7
Suppose 174 = 5*j - l, 3*j + 2*l - 98 = l. List the prime factors of j.
2, 17
Suppose 2*u + 4*y - 44 = 0, 0*u + 5*u - 138 = -3*y. List the prime factors of u.
2, 3, 5
Let x(c) be the third derivative of c**6/120 + 7*c**5/60 - c**4/12 - c**3/2 - 3*c**2. What are the prime factors of x(-7)?
11
Suppose -3*d + 0*d = 285. Let i = -46 - d. What are the prime factors of i?
7
Let c(n) = -3*n**2 - 28*n + 7. What are the prime factors of c(-9)?
2
Let y(t) = t - 2. Let s be y(4). Let r = s + -44. What are the prime factors of ((-6)/(-4))/((-9)/r)?
7
Suppose -4*z = -0*z + 48. Let n be 8/6*z/(-8). What are the prime factors of n + (36/3 - 2)?
2, 3
Let a(o) = 3 - o - 2 - 4. What are the prime factors of a(-7)?
2
Let s = 6 + -3. Let z(h) = -4*h + 2*h + 1 + h**2 + s*h. List the prime factors of z(-2).
3
Suppose 2*q - 11 = -5. What are the prime factors of q?
3
Let c(d) = d**3 - 8*d**2 + 5. Let k be c(8). Suppose -6 = -k*s + 14. List the prime factors of s.
2
Suppose 0 = 5*n - 4*n. Suppose n = -4*u + 235 - 63. List the prime factors of u.
43
Let y(o) = o**2 - 5*o - 5. List the prime factors of y(7).
3
Let k(l) = 9*l - 51. List the prime factors of k(23).
2, 3, 13
Suppose 0 = -4*y - 5*x + 938, -479 - 471 = -4*y + x. List the prime factors of y.
3, 79
Let d(r) = -2*r**3 - 5*r**2 - 11*r - 1. What are the prime factors of d(-4)?
7, 13
Suppose 4*t + 0*t = r + 6, t - 3*r + 4 = 0. Let x be -2 + 2*t/(-2). Let c = x - -11. What are the prime factors of c?
7
Let h(d) = 2*d. Let u be h(4). Let i = -6 + u. What are the prime factors of i?
2
List the prime factors of (-5 - 0 - 0)*-19.
5, 19
Suppose -3*t - 2*w + 5 = -7*w, 0 = -t + 3*w - 1. Suppose 8*b - 11 = 3*b - r, -4*r + 4 = 0. Suppose b*n - t = -1. What are the prime factors of n?
2
Suppose -n = 3*n - 120. List the prime factors of n.
2, 3, 5
Suppose -1 = -7*n + 20. Suppose -g - 3*t = -15, 4*g + n*t = -0*g + 96. What are the prime factors of g?
3
What are the prime factors of (410/50)/((-1)/(-5))?
41
Suppose 4*j = -2*u + 158, -4*u + 133 - 7 = 3*j. What are the prime factors of j?
2, 19
Let o(x) = x**2 + 5*x - 19. List the prime factors of o(9).
107
Suppose 2*f + 4*r = 300, -2*f + 282 = -5*r - 0*r. What are the prime factors of f?
2, 73
Let y be 10/65 - 154/(-13). Let l(j) = j - 4. What are the prime factors of l(y)?
2
Let r = -36 + -56. What are the prime factors of r/(-3) - 20/30?
2, 3, 5
List the prime factors of (1 + 0)*(-640)/(-8).
2, 5
Let l(b) = b**2 + 5*b + 6. Suppose 2*p = 4*f + 122, -3*f - 4*p - 35 = 73. Let s be 3/(-4)*f/(-4). What are the prime factors of l(s)?
2, 3
Suppose -4*d - 5*w = -292, d - 5*d + w = -292. List the prime factors of d.
73
Let r = 86 + -27. What are the prime factors of r?
59
Let l(c) = -c**2 + 5*c - 1. Let w be l(4). Let s(p) = -p**2 + 9*p - 12. Let f be s(7). Suppose 0 = -2*y, -w*v = f*y - 3 - 6. List the prime factors of v.
3
Suppose -168 - 594 = -3*f. What are the prime factors of f?
2, 127
Let d(p) = -p**2 - 6*p + 10. Let n be d(-7). Suppose -7 = -4*c + n*c. List the prime factors of c.
7
Let s(b) = 2*b - 2. Let a be s(12). Let g = a + -18. List the prime factors of g.
2
Suppose -3*i = -7 - 50. What are the prime factors of i?
19
What are the prime factors of ((-3)/(-6))/((-4)/(-624))?
2, 3, 13
Suppose 3*p - 5*p = -5*y - 16, -23 = -5*p + 4*y. List the prime factors of p.
3
Let n(i) = i + 21. List the prime factors of n(9).
2, 3, 5
Suppose -184*m = -180*m - 544. What are the prime factors of m?
2, 17
Let s = 5 + 1. List the prime factors of (s + 0)*(-2)/(-4).
3
Let f(k) = -k**3 + 8*k**2 